by 12711.
26
What is the remainder when 1412252 is divided by 88262?
60
What is the remainder when 8110334 is divided by 8?
6
What is the remainder when 43252100 is divided by 311166?
26
What is the remainder when 7168174 is divided by 3751?
13
What is the remainder when 10616709 is divided by 26?
25
What is the remainder when 1763744 is divided by 324?
212
What is the remainder when 75677222 is divided by 15135439?
27
Calculate the remainder when 2839079 is divided by 86.
47
What is the remainder when 519433 is divided by 129853?
21
What is the remainder when 4184192 is divided by 247?
12
Calculate the remainder when 296045646 is divided by 1150.
1146
What is the remainder when 706630403 is divided by 12046?
12043
Calculate the remainder when 747290 is divided by 278.
26
What is the remainder when 11694469 is divided by 3532?
17
What is the remainder when 1270397 is divided by 5164?
53
What is the remainder when 36713 is divided by 72?
65
What is the remainder when 2940300 is divided by 245025?
0
Calculate the remainder when 143737 is divided by 2436.
13
Calculate the remainder when 191835 is divided by 3518.
1863
What is the remainder when 1128271 is divided by 100?
71
What is the remainder when 23039 is divided by 1736?
471
What is the remainder when 374175275 is divided by 13?
6
Calculate the remainder when 14731918 is divided by 12135.
28
Calculate the remainder when 168455 is divided by 292.
263
What is the remainder when 4355516 is divided by 55?
11
Calculate the remainder when 14749407 is divided by 2458228.
39
What is the remainder when 19226622 is divided by 19226592?
30
What is the remainder when 24881 is divided by 8293?
2
What is the remainder when 39708369 is divided by 7751?
7747
What is the remainder when 8550901 is divided by 12268?
105
What is the remainder when 21113 is divided by 6526?
1535
Calculate the remainder when 4637608 is divided by 927518.
18
Calculate the remainder when 431971 is divided by 71.
7
Calculate the remainder when 4641554 is divided by 653.
30
Calculate the remainder when 7631 is divided by 596.
479
What is the remainder when 49970 is divided by 4?
2
Calculate the remainder when 338688 is divided by 454.
4
What is the remainder when 223307 is divided by 313?
138
Calculate the remainder when 2781396 is divided by 2109.
1734
Calculate the remainder when 3367459 is divided by 42.
25
What is the remainder when 16715 is divided by 2062?
219
Calculate the remainder when 9737024 is divided by 952.
920
What is the remainder when 1096198 is divided by 1003?
922
Calculate the remainder when 1533597 is divided by 225.
222
Calculate the remainder when 54828223 is divided by 3225.
3223
Calculate the remainder when 37118562 is divided by 3.
0
What is the remainder when 2547715 is divided by 395?
360
Calculate the remainder when 983005 is divided by 717.
715
Calculate the remainder when 34025162 is divided by 214.
18
What is the remainder when 56615 is divided by 910?
195
What is the remainder when 21101247 is divided by 1685?
1677
What is the remainder when 423971 is divided by 107?
37
Calculate the remainder when 87447190 is divided by 24.
22
Calculate the remainder when 641586 is divided by 719.
238
What is the remainder when 11728326 is divided by 18?
12
Calculate the remainder when 11935804 is divided by 2919.
13
Calculate the remainder when 138723957 is divided by 40.
37
What is the remainder when 17401 is divided by 192?
121
Calculate the remainder when 8988637 is divided by 292.
1
What is the remainder when 403446141 is divided by 3712?
3709
What is the remainder when 22661 is divided by 2244?
221
Calculate the remainder when 47749943 is divided by 23874970.
3
What is the remainder when 66009823 is divided by 3?
1
Calculate the remainder when 4995696 is divided by 49.
48
What is the remainder when 12056390 is divided by 39?
8
Calculate the remainder when 4743452 is divided by 301.
294
Calculate the remainder when 32888711 is divided by 1322.
1317
What is the remainder when 8933064 is divided by 20074?
134
What is the remainder when 714343 is divided by 157?
150
Calculate the remainder when 1108302 is divided by 1108280.
22
What is the remainder when 214211 is divided by 279?
218
What is the remainder when 705576 is divided by 6305?
5721
What is the remainder when 1192506 is divided by 144?
42
Calculate the remainder when 3189271 is divided by 262.
207
Calculate the remainder when 283823 is divided by 191.
188
Calculate the remainder when 34737808 is divided by 601.
8
What is the remainder when 36244 is divided by 725?
719
What is the remainder when 1938290 is divided by 300?
290
What is the remainder when 41104906 is divided by 448?
10
Calculate the remainder when 6548 is divided by 3449.
3099
Calculate the remainder when 81142270 is divided by 48.
46
Calculate the remainder when 383661 is divided by 11626.
3
Calculate the remainder when 2046919 is divided by 682282.
73
Calculate the remainder when 1089077 is divided by 163.
74
What is the remainder when 250898 is divided by 4541?
1143
Calculate the remainder when 200910 is divided by 65.
60
What is the remainder when 38173857 is divided by 1420?
1417
What is the remainder when 206442 is divided by 18737?
335
Calculate the remainder when 2418752 is divided by 86381.
84
Calculate the remainder when 1099820 is divided by 2511.
2
What is the remainder when 237796454 is divided by 2374?
2370
Calculate the remainder when 16367773 is divided by 602.
597
What is the remainder when 427831 is divided by 122?
99
What is the remainder when 940916 is divided by 4825?
41
Calculate the remainder when 18609825 is divided by 463.
3
Calculate the remainder when 2076602 is divided by 275.
77
What is the remainder when 41048397 is divided by 30?
27
Calculate the remainder when 9073522 is divided by 6556.
18
Calculate the remainder when 702637 is divided by 133.
131
Calculate the remainder when 56770684 is divided by 21.
19
Calculate the remainder when 205632 is divided by 6629.
133
Calculate the remainder when 3173881 is divided by 965.
961
Calculate the remainder when 293336 is divided by 4864.
1496
Calculate the remainder when 479859 is divided by 239895.
69
What is the remainder when 48062749 is divided by 16020902?
43
What is the remainder when 5119367 is divided by 215?
2
What is the remainder when 28501314 is divided by 9500433?
15
What is the remainder when 5058853 is divided by 45?
43
What is the remainder when 364914 is divided by 254?
170
What is the remainder when 2877839 is divided by 91?
55
What is the remainder when 335532 is divided by 111596?
744
Calculate the remainder when 433323 is divided by 2682.
1521
What is the remainder when 42704 is divided by 10674?
8
Calculate the remainder when 1652944 is divided by 206616.
16
What is the remainder when 135569 is divided by 6451?
98
What is the remainder when 10482913 is divided by 7663?
7592
What is the remainder when 57898 is divided by 10835?
3723
Calculate the remainder when 817255 is divided by 4347.
19
What is the remainder when 643397 is divided by 516?
461
What is the remainder when 2476689 is divided by 120?
9
What is the remainder when 53411 is divided by 846?
113
What is the remainder when 146967283 is divided by 533?
528
What is the remainder when 1258375 is divided by 104861?
43
Calculate the remainder when 123362 is divided by 949.
941
Calculate the remainder when 155395583 is divided by 315204.
11
What is the remainder when 66178738 is divided by 92?
10
Calculate the remainder when 56498750 is divided by 39.
35
Calculate the remainder when 35648303 is divided by 2970688.
47
Calculate the remainder when 706083507 is divided by 38.
35
What is the remainder when 7864747 is divided by 5379?
649
Calculate the remainder when 517783 is divided by 917.
595
What is the remainder when 6043998 is divided by 586?
580
What is the remainder when 133682935 is divided by 6076497?
1
Calculate the remainder when 540207 is divided by 269971.
265
What is the remainder when 2668039 is divided by 889297?
148
Calculate the remainder when 5836076 is divided by 124.
16
What is the remainder when 16886 is divided by 23?
4
Calculate the remainder when 233144762 is divided by 5794.
5790
What is the remainder when 1158605 is d